en 16305 is divided by 116.
65
What is the remainder when 5668 is divided by 227?
220
Calculate the remainder when 3980 is divided by 477.
164
Calculate the remainder when 26133 is divided by 3732.
9
Calculate the remainder when 7243 is divided by 558.
547
What is the remainder when 14882 is divided by 2733?
1217
What is the remainder when 1459 is divided by 381?
316
What is the remainder when 7293 is divided by 1120?
573
What is the remainder when 5974 is divided by 45?
34
What is the remainder when 13036 is divided by 22?
12
Calculate the remainder when 23328 is divided by 1298.
1262
Calculate the remainder when 3622 is divided by 3611.
11
What is the remainder when 16769 is divided by 4188?
17
What is the remainder when 106294 is divided by 412?
410
Calculate the remainder when 42133 is divided by 156.
13
Calculate the remainder when 18554 is divided by 3092.
2
What is the remainder when 134418 is divided by 1792?
18
Calculate the remainder when 264351 is divided by 296.
23
Calculate the remainder when 429643 is divided by 2.
1
What is the remainder when 7073 is divided by 47?
23
What is the remainder when 752 is divided by 648?
104
What is the remainder when 649996 is divided by 20967?
19
What is the remainder when 7916 is divided by 48?
44
Calculate the remainder when 2872797 is divided by 665.
662
What is the remainder when 3522 is divided by 67?
38
What is the remainder when 19011 is divided by 71?
54
What is the remainder when 8346 is divided by 8318?
28
What is the remainder when 7171679 is divided by 2010?
2009
Calculate the remainder when 20685 is divided by 11.
5
What is the remainder when 2221 is divided by 1153?
1068
What is the remainder when 543837 is divided by 22?
19
What is the remainder when 1591679 is divided by 12?
11
Calculate the remainder when 156978 is divided by 668.
666
Calculate the remainder when 9304 is divided by 74.
54
What is the remainder when 68399 is divided by 877?
870
What is the remainder when 4809 is divided by 1607?
1595
What is the remainder when 8113 is divided by 1619?
18
Calculate the remainder when 441 is divided by 119.
84
Calculate the remainder when 5965 is divided by 51.
49
Calculate the remainder when 7127 is divided by 3535.
57
Calculate the remainder when 84466 is divided by 28044.
334
What is the remainder when 117110 is divided by 103?
102
Calculate the remainder when 1295 is divided by 29.
19
Calculate the remainder when 17648 is divided by 9.
8
What is the remainder when 9081016 is divided by 27?
25
Calculate the remainder when 1391 is divided by 383.
242
Calculate the remainder when 828559 is divided by 20.
19
What is the remainder when 132596 is divided by 307?
279
What is the remainder when 3007 is divided by 159?
145
What is the remainder when 704 is divided by 188?
140
What is the remainder when 6397 is divided by 15?
7
Calculate the remainder when 61174 is divided by 6796.
10
Calculate the remainder when 429983 is divided by 26.
21
Calculate the remainder when 1425944 is divided by 6758.
6
Calculate the remainder when 249 is divided by 28.
25
Calculate the remainder when 111704 is divided by 101.
99
What is the remainder when 14755 is divided by 7043?
669
What is the remainder when 95163 is divided by 51?
48
Calculate the remainder when 1330 is divided by 67.
57
What is the remainder when 5908 is divided by 871?
682
What is the remainder when 50672 is divided by 16883?
23
What is the remainder when 56637 is divided by 717?
711
What is the remainder when 3499 is divided by 349?
9
Calculate the remainder when 330105 is divided by 12.
9
What is the remainder when 1153 is divided by 204?
133
Calculate the remainder when 2081 is divided by 187.
24
What is the remainder when 1809 is divided by 809?
191
Calculate the remainder when 66693 is divided by 16542.
525
What is the remainder when 257278 is divided by 268?
266
Calculate the remainder when 290393 is divided by 7.
5
Calculate the remainder when 34284 is divided by 343.
327
What is the remainder when 348491 is divided by 1844?
1819
Calculate the remainder when 501824 is divided by 56.
8
Calculate the remainder when 64530 is divided by 425.
355
Calculate the remainder when 707146 is divided by 468.
466
Calculate the remainder when 24535 is divided by 11.
5
Calculate the remainder when 7123 is divided by 40.
3
Calculate the remainder when 1684703 is divided by 12.
11
What is the remainder when 151715 is divided by 516?
11
Calculate the remainder when 35084 is divided by 81.
11
What is the remainder when 6179 is divided by 114?
23
What is the remainder when 49184 is divided by 472?
96
What is the remainder when 102306 is divided by 696?
690
What is the remainder when 6838 is divided by 12?
10
What is the remainder when 22088 is divided by 1058?
928
Calculate the remainder when 146 is divided by 133.
13
Calculate the remainder when 297325 is divided by 1969.
6
Calculate the remainder when 127086 is divided by 22.
14
What is the remainder when 763 is divided by 382?
381
Calculate the remainder when 45378 is divided by 17.
5
What is the remainder when 1993353 is divided by 455?
453
Calculate the remainder when 11916 is divided by 700.
16
What is the remainder when 37141 is divided by 640?
21
Calculate the remainder when 14874 is divided by 52.
2
Calculate the remainder when 128749 is divided by 48.
13
Calculate the remainder when 524645 is divided by 581.
2
Calculate the remainder when 249015 is divided by 363.
360
What is the remainder when 7839 is divided by 609?
531
What is the remainder when 1339 is divided by 1339?
0
What is the remainder when 4569 is divided by 2272?
25
Calculate the remainder when 78425 is divided by 881.
16
What is the remainder when 118803 is divided by 477?
30
Calculate the remainder when 2497 is divided by 2478.
19
What is the remainder when 1167397 is divided by 1889?
1884
What is the remainder when 23656 is divided by 358?
28
What is the remainder when 40330 is divided by 311?
211
What is the remainder when 2296 is divided by 395?
321
What is the remainder when 60013 is divided by 1334?
1317
What is the remainder when 689336 is divided by 30?
26
Calculate the remainder when 22632 is divided by 116.
12
Calculate the remainder when 8168 is divided by 75.
68
Calculate the remainder when 22075 is divided by 3151.
18
What is the remainder when 257158 is divided by 119?
118
What is the remainder when 231131 is divided by 231070?
61
What is the remainder when 9865 is divided by 3114?
523
Calculate the remainder when 3909 is divided by 7.
3
What is the remainder when 4630 is divided by 51?
40
Calculate the remainder when 65082 is divided by 16.
10
Calculate the remainder when 405748 is divided by 268.
264
Calculate the remainder when 2744 is divided by 914.
2
Calculate the remainder when 450 is divided by 270.
180
Calculate the remainder when 2131371 is divided by 89.
88
What is the remainder when 57416 is divided by 1?
0
What is the remainder when 29372 is divided by 38?
36
What is the remainder when 966399 is divided by 268?
259
Calculate the remainder when 111160 is divided by 20.
0
Calculate the remainder when 4354 is divided by 333.
25
What is the remainder when 2052 is divided by 99?
72
What is the remainder when 2937 is divided by 30?
27
What is the remainder when 2299 is divided by 28?
3
What is the remainder when 137256 is divided by 17?
15
What is the remainder when 11879 is divided by 2369?
34
Calculate the remainder when 3473 is divided by 481.
106
What is the remainder when 2615 is divided by 60?
35
Calculate the remainder when 2051 is divided by 441.
287
Calculate the remainder when 2384 is divided by 567.
116
Calculate the remainder when 257010 is divided by 1103.
11
What is the remainder when 540635 is divided by 1355?
1345
Calculate the remainder when 583 is divided by 508.
75
What is the remainder when 4641 is divided by 521?
473
Calculate the remainder when 2652 is divided by 2647.
5
Calculate the remainder when 67785 is divided by 11.
3
Calculate the remainder when 104798 is divided by 643.
632
What is the remainder when 15817 is divided by 3950?
17
What is the remainder when 51473 is divided by 514?
73
Calculate the remainder when 1512 is divided by 320.
232
What is the remainder when 331 is